is divided by 16?
14
What is the remainder when 975 is divided by 61?
60
What is the remainder when 3688 is divided by 159?
31
What is the remainder when 341 is divided by 86?
83
What is the remainder when 27 is divided by 21?
6
Calculate the remainder when 1647 is divided by 820.
7
What is the remainder when 292 is divided by 55?
17
What is the remainder when 1796 is divided by 5?
1
Calculate the remainder when 586 is divided by 112.
26
What is the remainder when 104 is divided by 12?
8
Calculate the remainder when 2746 is divided by 16.
10
What is the remainder when 1220 is divided by 1206?
14
Calculate the remainder when 136 is divided by 39.
19
What is the remainder when 137 is divided by 65?
7
What is the remainder when 86 is divided by 39?
8
Calculate the remainder when 343 is divided by 4.
3
Calculate the remainder when 535 is divided by 131.
11
What is the remainder when 539 is divided by 39?
32
Calculate the remainder when 2158 is divided by 134.
14
Calculate the remainder when 716 is divided by 51.
2
Calculate the remainder when 510 is divided by 178.
154
Calculate the remainder when 1072 is divided by 12.
4
What is the remainder when 1880 is divided by 19?
18
Calculate the remainder when 411 is divided by 100.
11
Calculate the remainder when 81 is divided by 15.
6
What is the remainder when 733 is divided by 16?
13
What is the remainder when 283 is divided by 106?
71
Calculate the remainder when 317 is divided by 65.
57
Calculate the remainder when 445 is divided by 161.
123
Calculate the remainder when 70 is divided by 18.
16
What is the remainder when 897 is divided by 45?
42
What is the remainder when 398 is divided by 67?
63
What is the remainder when 321 is divided by 66?
57
What is the remainder when 1284 is divided by 31?
13
What is the remainder when 6931 is divided by 136?
131
What is the remainder when 29598 is divided by 74?
72
Calculate the remainder when 185 is divided by 35.
10
Calculate the remainder when 51 is divided by 20.
11
Calculate the remainder when 475 is divided by 97.
87
What is the remainder when 356 is divided by 117?
5
What is the remainder when 613 is divided by 24?
13
What is the remainder when 284 is divided by 62?
36
What is the remainder when 10551 is divided by 182?
177
Calculate the remainder when 724 is divided by 18.
4
Calculate the remainder when 24237 is divided by 12.
9
Calculate the remainder when 358 is divided by 72.
70
Calculate the remainder when 396 is divided by 35.
11
What is the remainder when 1274 is divided by 15?
14
What is the remainder when 42 is divided by 9?
6
What is the remainder when 234 is divided by 79?
76
What is the remainder when 344 is divided by 147?
50
What is the remainder when 659 is divided by 5?
4
What is the remainder when 100 is divided by 76?
24
Calculate the remainder when 468 is divided by 116.
4
What is the remainder when 404 is divided by 3?
2
Calculate the remainder when 488 is divided by 99.
92
What is the remainder when 265 is divided by 68?
61
Calculate the remainder when 931 is divided by 51.
13
What is the remainder when 464 is divided by 94?
88
What is the remainder when 2232 is divided by 1092?
48
What is the remainder when 277 is divided by 10?
7
What is the remainder when 1363 is divided by 7?
5
Calculate the remainder when 1171 is divided by 21.
16
Calculate the remainder when 2535 is divided by 18.
15
Calculate the remainder when 30 is divided by 8.
6
Calculate the remainder when 177 is divided by 55.
12
Calculate the remainder when 852 is divided by 297.
258
Calculate the remainder when 2510 is divided by 1.
0
What is the remainder when 6738 is divided by 321?
318
What is the remainder when 1285 is divided by 23?
20
What is the remainder when 198 is divided by 43?
26
What is the remainder when 68 is divided by 9?
5
Calculate the remainder when 360 is divided by 80.
40
What is the remainder when 773 is divided by 12?
5
Calculate the remainder when 770 is divided by 21.
14
What is the remainder when 161 is divided by 154?
7
What is the remainder when 843 is divided by 126?
87
Calculate the remainder when 82 is divided by 50.
32
Calculate the remainder when 326 is divided by 46.
4
What is the remainder when 19877 is divided by 20?
17
Calculate the remainder when 45 is divided by 10.
5
Calculate the remainder when 19 is divided by 9.
1
What is the remainder when 8 is divided by 3?
2
Calculate the remainder when 15057 is divided by 14.
7
What is the remainder when 609 is divided by 104?
89
What is the remainder when 88 is divided by 17?
3
Calculate the remainder when 2669 is divided by 14.
9
What is the remainder when 211 is divided by 66?
13
What is the remainder when 94 is divided by 20?
14
What is the remainder when 867 is divided by 63?
48
What is the remainder when 371 is divided by 11?
8
What is the remainder when 1704 is divided by 835?
34
What is the remainder when 195 is divided by 22?
19
What is the remainder when 78 is divided by 28?
22
Calculate the remainder when 372 is divided by 17.
15
Calculate the remainder when 602 is divided by 19.
13
Calculate the remainder when 350 is divided by 168.
14
What is the remainder when 201 is divided by 23?
17
What is the remainder when 238 is divided by 35?
28
Calculate the remainder when 6714 is divided by 140.
134
Calculate the remainder when 795 is divided by 63.
39
Calculate the remainder when 1215 is divided by 393.
36
What is the remainder when 92 is divided by 29?
5
What is the remainder when 2949 is divided by 50?
49
What is the remainder when 816 is divided by 137?
131
Calculate the remainder when 769 is divided by 153.
4
What is the remainder when 1213 is divided by 24?
13
What is the remainder when 164 is divided by 19?
12
Calculate the remainder when 62 is divided by 42.
20
What is the remainder when 1611 is divided by 19?
15
Calculate the remainder when 1114 is divided by 70.
64
Calculate the remainder when 806 is divided by 58.
52
Calculate the remainder when 616 is divided by 156.
148
Calculate the remainder when 852 is divided by 21.
12
What is the remainder when 476 is divided by 8?
4
What is the remainder when 1909 is divided by 476?
5
What is the remainder when 472 is divided by 101?
68
What is the remainder when 219 is divided by 74?
71
Calculate the remainder when 1 is divided by 1.
0
Calculate the remainder when 48 is divided by 7.
6
Calculate the remainder when 5366 is divided by 13.
10
What is the remainder when 5186 is divided by 398?
12
What is the remainder when 300 is divided by 20?
0
What is the remainder when 40 is divided by 3?
1
What is the remainder when 232 is divided by 13?
11
Calculate the remainder when 225 is divided by 150.
75
What is the remainder when 907 is divided by 135?
97
Calculate the remainder when 164 is divided by 83.
81
What is the remainder when 381 is divided by 96?
93
Calculate the remainder when 420 is divided by 18.
6
Calculate the remainder when 257 is divided by 38.
29
Calculate the remainder when 7101 is divided by 12.
9
Calculate the remainder when 670 is divided by 85.
75
What is the remainder when 207 is divided by 96?
15
Calculate the remainder when 97 is divided by 33.
31
What is the remainder when 845 is divided by 271?
32
Calculate the remainder when 142 is divided by 23.
4
What is the remainder when 2079 is divided by 76?
27
Calculate the remainder when 364 is divided by 44.
12
What is the remainder when 69 is divided by 37?
32
What is the remainder when 1502 is divided by 298?
12
What is the remainder when 637 is divided by 65?
52
Calculate the remainder when 38 is divided by 26.
12
What is the remainder when 724 is divided by 81?
76
What is the remainder when 1138 is divided by 332?
142
Calculate the remainder when 3910 is divided by 327.
313
Calculate the remainder when 2911 is divided by 4.
3
Calculate the remainder when 61 is divided by 49.
12
What is the remainder when 56 is divided by 49?
7
What is the remainder when 423 is divided by 17?
15
What is the remainder when 471 is divided by 79?
76
Calculate the remainder when 476 is divided by 96.
92
Calculate the remainder when 214 is divided by 15.
4
Calculate the remainder when 350 is divided by 59.
55
What is the remainder when 80 is divided by 54?
26
What is the remainde